8185?
8157
In base 2, what is 1110001111010111000001001 - 11?
1110001111010111000000110
In base 14, what is -1b6622c + -2?
-1b66230
In base 14, what is -263b4b - -9?
-263b42
In base 10, what is -1 - 1403490?
-1403491
In base 8, what is 137 - -7277216?
7277355
In base 4, what is 1 - 1110103031310?
-1110103031303
In base 16, what is 12fe9 - 55?
12f94
In base 14, what is -a7c0a5 + -9?
-a7c0b0
In base 4, what is 1322333132323 - 2?
1322333132321
In base 10, what is -707710241 + 2?
-707710239
In base 13, what is -4a8a1 - 49?
-4a91a
In base 15, what is 89 + -12144a?
-1213b1
In base 9, what is 3048662 + -2?
3048660
In base 8, what is 15 + 1677335?
1677352
In base 12, what is -10648 - 865?
-112b1
In base 3, what is -201111222220 - 22002?
-201112021222
In base 13, what is -52 - 127525?
-127577
In base 15, what is 3 - 1c6582?
-1c657e
In base 2, what is -1111 + -1010011110100100001101001?
-1010011110100100001111000
In base 8, what is 1 - 702677031?
-702677030
In base 7, what is -234424213 + 3?
-234424210
In base 10, what is -92058 - 257?
-92315
In base 15, what is -10 - 1068cd9?
-1068ce9
In base 8, what is -12606300 - 11?
-12606311
In base 16, what is -529e5 - 19?
-529fe
In base 4, what is -101211 - 10302223?
-11010100
In base 11, what is 1354 - 14507?
-13163
In base 14, what is db869 - -4?
db86d
In base 14, what is 0 - -1375bd5?
1375bd5
In base 15, what is -38952 - -282?
-386c0
In base 14, what is -a59 - -10c4?
469
In base 8, what is -573212 + 520?
-572472
In base 15, what is -16ac + 4a5a?
339d
In base 11, what is -272a31 + 198?
-272844
In base 16, what is -16a63 - 21b?
-16c7e
In base 7, what is -425 - 3425322?
-3426050
In base 10, what is -4 - -776014?
776010
In base 11, what is 75863 - 1028?
74836
In base 3, what is 1012 - 10101201220112?
-10101201212100
In base 5, what is -10211 + -4410411?
-4421122
In base 6, what is -20433 + 2013343?
1552510
In base 6, what is -22544230 + 20?
-22544210
In base 13, what is 4 - -2bb4b17?
2bb4b1b
In base 6, what is -1252001005 + 3?
-1252001002
In base 10, what is 21500143 + 2?
21500145
In base 13, what is 24 + -1908905?
-19088b1
In base 13, what is 21 - -89ba32?
89ba53
In base 15, what is -198acb + b?
-198ac0
In base 5, what is 120 + -2014404120?
-2014404000
In base 6, what is -13 - 24135102?
-24135115
In base 4, what is -331132 + 1132203?
201011
In base 16, what is 4 - 38640d1?
-38640cd
In base 4, what is 2222 + -200210032?
-200201210
In base 15, what is 11d + -262cb?
-261ad
In base 6, what is -323 + 44253434?
44253111
In base 2, what is 100 + 11001011000001100100101111?
11001011000001100100110011
In base 15, what is -3 + 3852d5?
3852d2
In base 14, what is d4a + -86d?
4bb
In base 9, what is 256518 + 407?
257026
In base 13, what is -1 + 3ab9c300?
3ab9c2cc
In base 16, what is 1 - -5ce8253?
5ce8254
In base 5, what is 232122 + -4221?
222401
In base 9, what is -113831 - 1600?
-115531
In base 16, what is f + 61b9f0?
61b9ff
In base 11, what is -2891 - 8186?
-aa67
In base 9, what is -23370527 + 0?
-23370527
In base 5, what is 30232412401 - -2?
30232412403
In base 4, what is 11331200 - -23022?
12020222
In base 12, what is -1a9965 + 1?
-1a9964
In base 5, what is 34130032 - 4?
34130023
In base 16, what is -39cb4c - -3?
-39cb49
In base 16, what is -1b + 14e689b?
14e6880
In base 16, what is -3928007 + -1?
-3928008
In base 6, what is -3053112044 + 3?
-3053112041
In base 3, what is -111210 + -1010002012002?
-1010002200212
In base 10, what is -822 - 54828?
-55650
In base 11, what is 1333 + -15704?
-14381
In base 14, what is 1c8ba - 187d?
1b03b
In base 9, what is -15 + -406513?
-406528
In base 14, what is d - -16b76?
16b85
In base 10, what is 1193826 + -12?
1193814
In base 6, what is -3131 - 4514?
-12045
In base 16, what is -2 + -10864ea?
-10864ec
In base 14, what is 26671 - 1d12?
2475d
In base 14, what is 6b0b2a - -14?
6b0b40
In base 7, what is -14 + 2362261140?
2362261123
In base 10, what is -10 + 42170272?
42170262
In base 5, what is 21213133 + -33322?
21124311
In base 11, what is -311007 + 33?
-310a84
In base 7, what is 6126265 - -1154?
6130452
In base 5, what is 423 - -30124330?
30130303
In base 8, what is 17000574 + -20?
17000554
In base 15, what is 106 - 229?
-123
In base 11, what is 1a39206 - 21?
1a39195
In base 5, what is -1 + -30143012303?
-30143012304
In base 10, what is -3740 + 324?
-3416
In base 6, what is -15241351 + -35?
-15241430
In base 3, what is 1211221010010 - -1012?
1211221011022
In base 2, what is 1011111 + -1101011100011001101?
-1101011100001101110
In base 2, what is -1100100111101000101011100 - -10?
-1100100111101000101011010
In base 16, what is -21c99e + 5a?
-21c944
In base 8, what is -21612 + 400?
-21212
In base 14, what is -3a0 - 486a4?
-48a64
In base 5, what is 2104342341 + -2?
2104342334
In base 4, what is -10 + -10131002002?
-10131002012
In base 3, what is 1120000221122210 + 100?
1120000221200010
In base 5, what is -1343030012 - 1343?
-1343031410
In base 10, what is 2 + 3317460?
3317462
In base 3, what is -10102211201 + 111102?
-10102100022
In base 3, what is -10201102110 - 11120220?
-10220000100
In base 14, what is 14d73 - 43?
14d30
In base 3, what is -112 + -11221220212?
-11221221101
In base 13, what is -83409 - a1?
-834aa
In base 13, what is -616cb99 + 4?
-616cb95
In base 16, what is -48 + f2c6?
f27e
In base 11, what is 300494 - 11?
300483
In base 2, what is -10011111011 + -10000011011101011?
-10000101111100110
In base 11, what is 42656 - 20a?
42447
In base 9, what is 445500070 - -1?
445500071
In base 12, what is 4 + 1a21b4a?
1a21b52
In base 2, what is 1111 + 10000100110001110001?
10000100110010000000
In base 13, what is 162 - 26588?
-26426
In base 5, what is -1412020 - -224?
-1411241
In base 5, what is 10124 - -12034044?
12044223
In base 6, what is -24 + 3102013222?
3102013154
In base 6, what is -214332 - 522?
-215254
In base 15, what is -99e083 + 3?
-99e080
In base 5, what is 141123304141 + 2?
141123304143
In base 13, what is -817a208c + -2?
-817a2091
In base 3, what is 10122211012 - -2122?
10122220211
In base 10, what is 28919 + 935?
29854
In base 9, what is 1465 - 14346?
-12771
In base 9, what is -5747 + -6250?
-13107
In base 5, what is -1232 - 111040?
-112322
In base 13, what is -3b3c2c8 + 1?
-3b3c2c7
In base 9, what is -725437 + -5378?
-731826
In base 6, what is -1 + -4520301543?
-4520301544
In base 14, what is 29 + 39387?
393b2
In base 11, what is -725 + a949?
a224
In base 12, what is 70360 - -12?
70372
In base 7, what is 54413 - -1633?
56346
In base 14, what is acd2195 - -2?
acd2197
In base 3, what is -100222210021 + 212202?
-100221220112
In base 12, what is 5874260 - -5?
5874265
In base 2, what is 1011110111 + -10101101101001?
-10100001110010
In base 3, what is -1011112000000010 + 22?
-1011111222222211
In base 10, what is -2 + 551502?
551500
In base 16, what is 6e8 + -16d?
57b
In base 9, what is -22658 - 7874?
-31643
In base 14, what is 104d9ab + -c?
104d99d
In base 15, what is -19235 - -99?
-1918b
In base 11, what is -3204577 + 0?
-3204577
In base 16, what is -cc027d - 16?
-cc0293
In base 2, what is 10011000101110101111001 - 1000101?
10011000101110100110100
In base 16, what is 4b + 3164b?
31696
In base 15, what is -1 - 7e8?
-7e9
In base 12, what is -1599a23 - 4?
-1599a27
In base 10, what is -518 - -44537?
44019
In base 11, what is 4a9204 - -1?
4a9205
In base 2, what is -110110001111010011001 + -110?
-110110001111010011111
In base 14, what is 4 + 1c5a0?
1c5a4
In base 6, what is -5 - 5105411254?
-5105411303
In base 4, what is -1100032120012 - 2?
-1100032120020
In base 11, what is 30a - -155980?
15618a
In base 8, what is 56060644 - 4?
56060640
In base 6, what is -143352 - -252052?
104300
In base 13, what is -5b94 + -3095?
-8c59
In base 6, what is 30005 + 20403?
50412
In base 6, what is -13054130 - 241?
-13054411
In base 3, what is 121120202 + -1210202222?
-1012012020
In base 13, what is 6c3413 - -8c?
6c34a2
In base 4, what is -20 - -12311300213?
12311300133
In base 4, what is 1313001212 - -202?
1313002020
In base 14, what is -56 + 4b80c2?
4b806a
In base 8, what is 277146 - -5?
277153
In base 6, what is -22300322 + 14?
-22300304
In base 4, what is -111302033 - -1010?
-111301023
In base 2, what is -11001111000 - 1010101001111110110?
-1010101101001101110
In base 9, what is -61 + -258157?
-2582